{"id":224,"date":"2021-11-30T21:02:34","date_gmt":"2021-11-30T20:02:34","guid":{"rendered":"https:\/\/www.chezkarin.ch\/index.php\/one-page-express\/"},"modified":"2023-11-09T12:39:35","modified_gmt":"2023-11-09T11:39:35","slug":"one-page-express","status":"publish","type":"page","link":"https:\/\/www.chezkarin.ch\/","title":{"rendered":"Front Page"},"content":{"rendered":"<div  data-label=\"\u00dcber mich\" data-id=\"content-image-right\" data-category=\"content\" class=\"content-right-image-section content-image-right\" id=\"ueber-mich\" style=\"background-color: rgb(246, 246, 246);\"> <div  class=\"gridContainer\"> <div  class=\"content-right-image-gridcol\"> <div  class=\"content-right-image-textcol dynamic-color\" data-type=\"column\"> <h2  class=\"\">\u00dcber mich<\/h2> <p  class=\"large_text\">Schon als Kind liebte ich es mit meinem Mami zu \u201eG\u00fcetzele\u201c. Ich machte meine Leidenschaft zum Beruf und machte&nbsp; eine Ausbildung zur Konditorin Confiseurin EFZ . Jetzt als Mami&nbsp; von 2 Kindern backe ich mit den Kindern in der Freizeit. Leider merke auch ich,wie es in der heutigen Zeit schwierig ist,alles unter einen Hut zu bringen und manchmal alles schnell gehen muss. So ist meine Idee entstanden. Manufaktur chez Karin. Produkte ohne Konservierungsstoffe, und trotzdem zu erschwinglichen Preisen.<br ><br >Ich m\u00f6chte weg von der Massenproduktion,weg von den riesigen Maschinen. Ich habe mein Handwerk gelernt,um pers\u00f6nliche Dinge zu kreieren,um kreativ zu sein.<br >Ich starte meine Manufaktur mit Amaretti &amp; Kafisirup,und bin laufend am t\u00fcfteln f\u00fcr neue Rezepte. Ich arbeite auf privater Basis und produziere nur auf Wunsch.<br ><br >Es lohnt sich, ab und zu wieder auf meiner Homepage vorbei zu schauen. Ich werde am Schlierner Fr\u00fchlingsfest und am Oberwangen M\u00e4rit wieder dabei sein. Kommt vorbei &nbsp;<\/p>  <\/div> <div  class=\"content-right-image-imgcol\" data-type=\"column\"> <img  decoding=\"async\" src=\"https:\/\/www.chezkarin.ch\/wp-content\/uploads\/2021\/11\/163768964538316854-2.jpg\" class=\"\" alt=\"\"> <\/div> <\/div> <\/div> <\/div><div  data-label=\"Informationen\" data-id=\"stripped-features-overlapped-icons-section\" data-category=\"overlapable\" class=\"features-overlapped-icons-section stripped-features-overlapped-icons-section\" data-overlap=\"true\" id=\"informationen\" style=\"background-color: rgb(255, 255, 255);\"> <div  class=\"gridContainer\"> <div  class=\"features-overlapped-icons-featuresrow flexbox-list\" data-type=\"row\"> <div  class=\"features-large-icons-featcol cp3cols cp6cols-tablet\"> <div  class=\"features-overlapped-icons-featinnerrow\"> <div  class=\"features-icon-container\"><i  data-cp-fa=\"true\" class=\"font-icon-features-icon-container fa fa-book\"><\/i> <\/div>\t<div  data-type=\"column\" class=\"\"> <h4  class=\"\">Bestellung<\/h4> <p  class=\"\">Da alle Produkte frisch f\u00fcr dich produziert werden,ben\u00f6tige ich 2-3 Tage Vorlaufzeit. F\u00fcr Torten&nbsp; 5 Tage.&nbsp; Die Produkte werden von Hand angefertigt und mit Liebe gebacken.\n<br >\n\n\n<br ><br >\n<\/p> <\/div><\/div> <\/div> <div  class=\"features-large-icons-featcol cp3cols cp6cols-tablet\"> <div  class=\"features-overlapped-icons-featinnerrow\"> <div  class=\"features-icon-container\"><i  data-cp-fa=\"true\" class=\"font-icon-features-icon-container fa fa-rocket\"><\/i> <\/div>\t<div  data-type=\"column\" class=\"\"> <h4  class=\"\">Schnelle Lieferung<\/h4> <p  class=\"\">In der&nbsp; &nbsp;Gemeinde K\u00f6niz bringe ich dir deine Bestellung gratis in deinen Briefkasten. Nat\u00fcrlich kannst du es auch vor meiner Haust\u00fcre in Schliern abholen. Postversand ist auch m\u00f6glich.<\/p> <\/div><\/div> <\/div> <div  class=\"features-large-icons-featcol cp3cols cp6cols-tablet\"> <div  class=\"features-overlapped-icons-featinnerrow\"> <div  class=\"features-icon-container\"><i  data-cp-fa=\"true\" class=\"font-icon-features-icon-container fa fa-american-sign-language-interpreting\"><\/i> <\/div>\t<div  data-type=\"column\" class=\"\"> <h4  class=\"\">Regional<\/h4> <p  class=\"\">Die Zutaten sind frisch und m\u00f6glichst regional und ohne Zusatz von Konservierungsstoffen.<br >Alle Allergene sind aufgef\u00fchrt.<br ><br >.\n\n\n<br ><br >\n<\/p> <\/div><\/div> <\/div> <div  class=\"features-large-icons-featcol cp3cols cp6cols-tablet\"> <div  class=\"features-overlapped-icons-featinnerrow\"> <div  class=\"features-icon-container\"><i  data-cp-fa=\"true\" class=\"font-icon-features-icon-container fa fa-money\"><\/i> <\/div>\t<div  data-type=\"column\" class=\"\"> <h4  class=\"\">Zahlung<\/h4> <p  class=\"\"><br >Du kannst mit folgenden M\u00f6glichkeiten bezahlen: Twint, Vorauskasse oder Barzahlung bei Abholung. Bitte w\u00e4hle bei der Bestellung die Zahlungsart .Die Bestellung wird bearbeitet sobald die Zahlung erfolgt ist.<br >\n<\/p> <\/div><\/div> <\/div> <\/div> <\/div><\/div><div  data-label=\"Produkte\" data-id=\"team-small-section\" data-category=\"team\" class=\"team-small-section\" id=\"produkte\" style=\"background-color: rgb(246, 246, 246);\"> <div  class=\"gridContainer dynamic-color\"> <div  class=\"team-small-textcol\" data-type=\"column\"> <h2  class=\"\">Viel Spass beim St\u00f6bern von meinen Produkten<\/h2> <p  class=\"\">Hier sind einige Produkte aus meinem standart Sortiment. Du planst einen Anlass, oder suchst ein Mitbringsel? M\u00f6glich ist (fast) alles. <img  decoding=\"async\" draggable=\"false\" role=\"img\" class=\"emoji\" alt=\"\ud83d\ude42\" src=\"https:\/\/s.w.org\/images\/core\/emoji\/14.0.0\/svg\/1f642.svg\">&nbsp;Gerne backe ich f\u00fcr dich.<\/p> <\/div> <div  class=\"team-small-memberrow\" data-type=\"row\">  <div  class=\"team-small-membercol\"><img  decoding=\"async\" class=\"team-small-memberimg-normal\" data-size=\"500x500\" src=\"https:\/\/www.chezkarin.ch\/wp-content\/uploads\/2021\/11\/cropped-cropped-thumbnail_1638265059458-e1638387681285.jpg\" alt=\"\"> <h4  class=\"\">Nidlet\u00e4feli<\/h4>   <\/div>  <div  class=\"team-small-membercol\"><img  decoding=\"async\" class=\"team-small-memberimg-normal\" data-size=\"500x500\" src=\"https:\/\/www.chezkarin.ch\/wp-content\/uploads\/2023\/10\/cropped-IMG_20230822_215346-scaled-1.jpg\" alt=\"\"> <h4  class=\"\">Carac<\/h4>   <\/div> <div  class=\"team-small-membercol\"><img  decoding=\"async\" class=\"team-small-memberimg-normal\" data-size=\"500x500\" src=\"https:\/\/www.chezkarin.ch\/wp-content\/uploads\/2021\/11\/cropped-1637689261215-1-scaled-e1638387982937.jpg\" alt=\"\"> <h4  class=\"\">Kafisirup<\/h4>  <div  class=\"team-small-iconsrow\" data-type=\"group\"> <a href=\"#\" target=\"_self\" data-reiki-hidden=\"true\" rel=\"noopener\"><i  data-cp-fa=\"true\" class=\"team-icon fa fa-linkedin\"><\/i><\/a> <a href=\"#\" target=\"_self\" data-reiki-hidden=\"true\" rel=\"noopener\"><i  data-cp-fa=\"true\" class=\"fa team-icon fa-twitter\"><\/i><\/a> <a href=\"#\" target=\"_self\" data-reiki-hidden=\"true\" rel=\"noopener\"><i  data-cp-fa=\"true\" class=\"fa team-icon fa-dribbble\"><\/i><\/a> <\/div> <\/div> <div  class=\"team-small-membercol\"><img  decoding=\"async\" class=\"team-small-memberimg-normal\" data-size=\"500x500\" src=\"https:\/\/www.chezkarin.ch\/wp-content\/uploads\/2021\/11\/cropped-cropped-cropped-cropped-163768920286716838-scaled-1.jpg\" alt=\"\"> <h4  class=\"\">Amaretti<\/h4>   <\/div> <div  class=\"team-small-membercol\"><img  decoding=\"async\" class=\"team-small-memberimg-normal\" data-size=\"500x500\" src=\"https:\/\/www.chezkarin.ch\/wp-content\/uploads\/2023\/10\/cropped-IMG_20230707_091819-scaled-1.jpg\" alt=\"\"> <h4  class=\"\">Cupcakes<\/h4>   <\/div><\/div> <\/div><\/div><div  data-label=\"Torten Inspiration\" data-id=\"stripped-features-image-cards-section\" data-category=\"overlapable\" data-=\"\" class=\"features-image-cards-section stripped-features-image-cards-section\" data-overlap=\"true\" id=\"torten-inspiration\" style=\"background-color: rgb(255, 255, 255);\"> <div  class=\"gridContainer\"> <div  class=\"features-image-cards-innerrow flexbox-list\" data-type=\"row\"> <div  class=\"features-image-cards-cardcol cp4cols cp6cols-tablet\"> <div  class=\"features-image-cards-cardrow\"><img  decoding=\"async\" class=\"features-image-cards-featimg\" src=\"https:\/\/www.chezkarin.ch\/wp-content\/uploads\/2023\/10\/IMG_20230701_082644-scaled.jpg\" alt=\"\"> <div  class=\"features-image-cards-cardtextrow\" data-type=\"column\">   <hr  class=\"features-image-cards-separator\"> <img  decoding=\"async\" class=\"custom-image\" src=\"https:\/\/www.chezkarin.ch\/wp-content\/uploads\/2023\/10\/IMG_20230916_112652-scaled.jpg\" alt=\"\"><\/div> <\/div> <\/div> <div  class=\"features-image-cards-cardcol cp4cols cp6cols-tablet\"> <div  class=\"features-image-cards-cardrow\"><img  decoding=\"async\" class=\"features-image-cards-featimg\" src=\"https:\/\/www.chezkarin.ch\/wp-content\/uploads\/2023\/10\/IMG_20230825_125301-scaled.jpg\" alt=\"\"> <div  class=\"features-image-cards-cardtextrow\" data-type=\"column\"> <h4  class=\"\">Essen ist ein Bed\u00fcrfnis, geniessen eine Kunst.<\/h4> <p  class=\"\">Jede Torte wurde mit Liebe zum Detail&nbsp; auf Kundenwunsch angefertigt.<\/p> <hr  class=\"features-image-cards-separator\"> <img  decoding=\"async\" class=\"custom-image\" src=\"https:\/\/www.chezkarin.ch\/wp-content\/uploads\/2023\/10\/IMG_20230601_223436-scaled.jpg\" alt=\"\"><p  class=\"\"><\/p><\/div> <\/div> <\/div> <div  class=\"features-image-cards-cardcol cp4cols cp6cols-tablet\"> <div  class=\"features-image-cards-cardrow\"><img  decoding=\"async\" class=\"features-image-cards-featimg\" src=\"https:\/\/www.chezkarin.ch\/wp-content\/uploads\/2023\/05\/1683126631534-scaled.jpg\" alt=\"\"> <div  class=\"features-image-cards-cardtextrow\" data-type=\"column\">   <hr  class=\"features-image-cards-separator\"> <img  decoding=\"async\" class=\"custom-image\" src=\"https:\/\/www.chezkarin.ch\/wp-content\/uploads\/2023\/10\/IMG_20230601_223607-scaled.jpg\" alt=\"\"><\/div> <\/div> <\/div> <\/div> <\/div><\/div><div  data-label=\"Saisonales\" data-id=\"features-image-cards-section\" data-category=\"features\" class=\"features-image-cards-section\" style=\"background-color: rgb(246, 246, 246);\" id=\"saisonales\"> <div  class=\"gridContainer\"> <div  class=\"features-image-cards-textrow\"> <div  class=\"features-image-cards-textcol dynamic-color\" data-type=\"column\"> <h2  class=\"\">Schon bald duftet es wieder lecker in meiner Weihnachtsb\u00e4ckerei\u2026welches ist dein Lieblingsg\u00fcetzi?<\/h2> <p  class=\"\">Du m\u00f6chtest selbstgemachte G\u00fcetzi, und trotzdem hast du keine Zeit sie selber zu backen? Ich \u00fcbernehme dies gerne f\u00fcr dich. Bestelle bei mir Weihnachtsg\u00fcetzi. Ich setze auf die Tradtionellen Sorten wie&nbsp; Anischr\u00e4beli, Spitzbuebe, Zimtsterne, Brunsli und nat\u00fcrlich Mail\u00e4nderli. Wenn du einen anderen Wunsch hast, teile es mir mit, ich t\u00fcftle gerne neue an neuen Produkten. Du darfst Sie gerne bei mir vorbestellen, und ich liefere Sie bis zur Haust\u00fcre.<\/p> <\/div> <\/div> <div  class=\"features-image-cards-innerrow flexbox-list dark-text\" data-type=\"row\"> <div  class=\"features-image-cards-cardcol cp4cols cp6cols-tablet\"> <div  class=\"features-image-cards-cardrow\"><img  decoding=\"async\" class=\"features-image-cards-featimg\" src=\"https:\/\/www.chezkarin.ch\/wp-content\/uploads\/2021\/11\/1638308035457-scaled.jpg\" alt=\"\"> <div  class=\"features-image-cards-cardtextrow\" data-type=\"column\"> <h4  class=\"\">Anischr\u00e4beli<\/h4>  <hr  class=\"features-image-cards-separator\"> <\/div> <\/div> <\/div> <div  class=\"features-image-cards-cardcol cp4cols cp6cols-tablet\"> <div  class=\"features-image-cards-cardrow\"><img  decoding=\"async\" class=\"features-image-cards-featimg\" src=\"https:\/\/www.chezkarin.ch\/wp-content\/uploads\/2021\/11\/thumbnail_1638265209662.jpg\" alt=\"\"> <div  class=\"features-image-cards-cardtextrow\" data-type=\"column\"> <h4  class=\"\">Spitzbuebe<\/h4>  <hr  class=\"features-image-cards-separator\"> <\/div> <\/div> <\/div> <div  class=\"features-image-cards-cardcol cp4cols cp6cols-tablet\"> <div  class=\"features-image-cards-cardrow\"><img  decoding=\"async\" class=\"features-image-cards-featimg\" src=\"https:\/\/www.chezkarin.ch\/wp-content\/uploads\/2021\/11\/thumbnail_1638265059477.jpg\" alt=\"\"> <div  class=\"features-image-cards-cardtextrow\" data-type=\"column\"> <h4  class=\"\">Zimtsterne<\/h4>  <hr  class=\"features-image-cards-separator\"> <\/div> <\/div> <\/div> <\/div> <\/div><\/div><div  data-label=\"Personalisiert\" data-id=\"stripped-about-four-boxes-section\" data-category=\"overlapable\" class=\"stripped-about-four-boxes-section\" data-overlap=\"true\" id=\"personalisiert\" style=\"background-color: rgb(255, 255, 255);\"> <div  class=\"gridContainer\"> <div  class=\"about-four-boxes-innerrow flexbox-list\"> <div  class=\"about-four-boxes-imgcol\" data-bg=\"image\" style=\"background-image: url(&quot;https:\/\/www.chezkarin.ch\/wp-content\/uploads\/2021\/12\/1638694055482-rotated-e1638708167802.jpg&quot;);\"><\/div> <div  class=\"about-four-boxes-textcol\" data-type=\"column\">   <p  class=\"\">\n<br ><br >Du organisierst einen Anlass oder bist eingeladen ?Kein Problem!&nbsp; Gerne berate ich dich&nbsp; in einem Gespr\u00e4ch und wir finden das passende Produkt, das exakt auf deinen Anlass zugeschnitten wird. Handgemacht und ohne Konservierungs oder Zusatzstoffe.<\/p> <\/div> <div  class=\"about-four-boxes-textcol\" data-type=\"column\">  <h2  class=\"\">Carac<\/h2> <p  class=\"\">Carac, ein alt bekanntes und beliebtes Produkt. Mein Lieblingsgeb\u00e4ck. Zum Kaffee, oder auch f\u00fcr ein kleines Dessert, einfach perfekt.&nbsp;<\/p> <\/div> <div  class=\"about-four-boxes-imgcol2\" data-bg=\"image\" style=\"background-image: url(&quot;https:\/\/www.chezkarin.ch\/wp-content\/uploads\/2023\/10\/IMG_20230822_215346-scaled.jpg&quot;);\"><\/div> <\/div> <\/div><\/div><div  data-label=\"Kontaktm\u00f6glichkeiten\" data-id=\"features-large-icons-section\" data-category=\"features\" class=\"features-large-icons-section\" id=\"kontaktmoeglichkeiten\" style=\"background-color: rgb(255, 255, 255);\"> <div  class=\"dynamic-color gridContainer\"> <div  class=\"features-large-icons-textrow\"> <div  class=\"features-large-icons-textcol\" data-type=\"column\"> <h2  class=\"\">Bleib auf dem neusten Stand<\/h2> <p  class=\"\">Auf den anderen Kan\u00e4len bin ich auch zu finden, bitte lass mir doch ein \u201egef\u00e4llt mir \u201c da.<\/p> <\/div> <\/div> <div  class=\"features-large-icons-featrow\" data-type=\"row\">  <div  class=\"features-large-icons-featcol cp6cols-tablet cp6cols\"> <div  class=\"features-icon-container-nomargin\"><i  data-cp-fa=\"true\" class=\"font-icon-features-icon-container fa fa-instagram\"><\/i> <\/div> <h4  class=\"\">Instagram<\/h4>  <a href=\"https:\/\/www.instagram.com\/chezkarin\" class=\"\" target=\"_blank\" rel=\"noopener\">Link zu meinem Profil<\/a><\/div> <div  class=\"features-large-icons-featcol cp6cols-tablet cp6cols\"> <div  class=\"features-icon-container-nomargin\"><i  data-cp-fa=\"true\" class=\"font-icon-features-icon-container fa fa-facebook-square\"><\/i> <\/div><h4  class=\"\">Facebook<\/h4>   <a href=\"#\" class=\"\" target=\"_blank\" rel=\"noopener\">Link zu meinem Profil<\/a><\/div>  <\/div> <\/div><\/div><div  id=\"kontaktformular\" data-label=\"Kontaktformular\" data-id=\"contact-section\" data-category=\"contact\" data-bg=\"transparent\" class=\"contact-section-formsection white-text\" style=\"background-image: url(&quot;https:\/\/www.chezkarin.ch\/wp-content\/uploads\/2021\/11\/1637689261274-scaled.jpg&quot;); background-size: auto 868.83px; background-repeat: no-repeat; background-position: center top 92.1799%;\"> <div  class=\"\"> <div  class=\"row_224\"> <div  class=\"contact-textrow\"> <div  class=\"contact-textcol dynamic-color\"> <h2  class=\"\">Kontaktformular<\/h2> <p  class=\"white_text\">Du m\u00f6chtest eine Bestellung aufgeben, oder hast noch ein paar Fragen? Dann f\u00fclle bitte das Kontaktformular aus und ich melde mich so schnell wie m\u00f6glich bei dir.<\/p> <\/div> <\/div> <\/div> <div  class=\"contact-formcol\" data-content-shortcode=\"one_page_express_contact_form shortcode=&quot;contact-form-7 id=&amp;amp;quot;156&amp;amp;quot; title=&amp;amp;quot;Kontaktformular 1&amp;amp;quot;&quot;\" data-editable=\"true\"><div role=\"form\" class=\"wpcf7\" id=\"wpcf7-f156-o1\" lang=\"de-DE\" dir=\"ltr\">\n<div class=\"screen-reader-response\"><p role=\"status\" aria-live=\"polite\" aria-atomic=\"true\"><\/p> <ul><\/ul><\/div>\n<form action=\"\/index.php\/wp-json\/wp\/v2\/pages\/224#wpcf7-f156-o1\" method=\"post\" class=\"wpcf7-form init\" novalidate=\"novalidate\" data-status=\"init\">\n<div style=\"display: none;\">\n<input type=\"hidden\" name=\"_wpcf7\" value=\"156\" \/>\n<input type=\"hidden\" name=\"_wpcf7_version\" value=\"5.5.6\" \/>\n<input type=\"hidden\" name=\"_wpcf7_locale\" value=\"de_DE\" \/>\n<input type=\"hidden\" name=\"_wpcf7_unit_tag\" value=\"wpcf7-f156-o1\" \/>\n<input type=\"hidden\" name=\"_wpcf7_container_post\" value=\"0\" \/>\n<input type=\"hidden\" name=\"_wpcf7_posted_data_hash\" value=\"\" \/>\n<\/div>\n<p><label> Dein Name<br \/>\n    <span class=\"wpcf7-form-control-wrap your-name\"><input type=\"text\" name=\"your-name\" value=\"\" size=\"40\" class=\"wpcf7-form-control wpcf7-text wpcf7-validates-as-required\" aria-required=\"true\" aria-invalid=\"false\" \/><\/span> <\/label><\/p>\n<p><label> Deine E-Mail-Adresse<br \/>\n    <span class=\"wpcf7-form-control-wrap your-email\"><input type=\"email\" name=\"your-email\" value=\"\" size=\"40\" class=\"wpcf7-form-control wpcf7-text wpcf7-email wpcf7-validates-as-required wpcf7-validates-as-email\" aria-required=\"true\" aria-invalid=\"false\" \/><\/span> <\/label><\/p>\n<p><label> Deine Nachricht<br \/>\n    <span class=\"wpcf7-form-control-wrap your-message\"><textarea name=\"your-message\" cols=\"40\" rows=\"10\" class=\"wpcf7-form-control wpcf7-textarea\" aria-invalid=\"false\"><\/textarea><\/span> <\/label><\/p>\n<p><input type=\"submit\" value=\"Senden\" class=\"wpcf7-form-control has-spinner wpcf7-submit\" \/><\/p>\n<div class=\"wpcf7-response-output\" aria-hidden=\"true\"><\/div><\/form><\/div><\/div> <\/div><\/div>","protected":false},"excerpt":{"rendered":"<p>\u00dcber mich Schon als Kind liebte ich es mit meinem Mami zu \u201eG\u00fcetzele\u201c. Ich machte meine Leidenschaft zum Beruf und machte&nbsp; eine Ausbildung zur Konditorin Confiseurin EFZ . Jetzt als Mami&nbsp; von 2 Kindern backe ich mit den Kindern in der Freizeit. Leider merke auch ich,wie es in der heutigen Zeit schwierig ist,alles unter einen&hellip; <br \/> <a class=\"button small blue\" href=\"https:\/\/www.chezkarin.ch\/\">Weiterlesen<\/a><\/p>\n","protected":false},"author":1,"featured_media":0,"parent":0,"menu_order":0,"comment_status":"closed","ping_status":"closed","template":"","meta":{"footnotes":""},"class_list":["post-224","page","type-page","status-publish","hentry"],"_links":{"self":[{"href":"https:\/\/www.chezkarin.ch\/index.php\/wp-json\/wp\/v2\/pages\/224","targetHints":{"allow":["GET"]}}],"collection":[{"href":"https:\/\/www.chezkarin.ch\/index.php\/wp-json\/wp\/v2\/pages"}],"about":[{"href":"https:\/\/www.chezkarin.ch\/index.php\/wp-json\/wp\/v2\/types\/page"}],"author":[{"embeddable":true,"href":"https:\/\/www.chezkarin.ch\/index.php\/wp-json\/wp\/v2\/users\/1"}],"replies":[{"embeddable":true,"href":"https:\/\/www.chezkarin.ch\/index.php\/wp-json\/wp\/v2\/comments?post=224"}],"version-history":[{"count":55,"href":"https:\/\/www.chezkarin.ch\/index.php\/wp-json\/wp\/v2\/pages\/224\/revisions"}],"predecessor-version":[{"id":507,"href":"https:\/\/www.chezkarin.ch\/index.php\/wp-json\/wp\/v2\/pages\/224\/revisions\/507"}],"wp:attachment":[{"href":"https:\/\/www.chezkarin.ch\/index.php\/wp-json\/wp\/v2\/media?parent=224"}],"curies":[{"name":"wp","href":"https:\/\/api.w.org\/{rel}","templated":true}]}}